n base 13, what is -2 - -b7?
b5
In base 15, what is -25 + 0?
-25
In base 2, what is 110 - 110?
0
In base 5, what is 0 - -302?
302
In base 6, what is 20334 - 11?
20323
In base 7, what is 5035 + 0?
5035
In base 10, what is -3 - -278?
275
In base 14, what is -2c - 1?
-2d
In base 10, what is -4 - -32?
28
In base 4, what is -11 + -2?
-13
In base 3, what is -11202 + -220?
-12122
In base 5, what is 1 + 340?
341
In base 4, what is 2202010 - -3?
2202013
In base 3, what is -2101220201 - 10?
-2101220211
In base 11, what is 4 - -2458?
2461
In base 9, what is 5 - -70?
75
In base 10, what is -8 + 5?
-3
In base 13, what is -b2 - -2?
-b0
In base 7, what is 35042 - 1?
35041
In base 6, what is 22 - -5403?
5425
In base 8, what is 4 - 114?
-110
In base 9, what is -226 + -3?
-230
In base 2, what is 1111 - -1100010?
1110001
In base 3, what is 22002 + -2?
22000
In base 4, what is 133313 + -10?
133303
In base 5, what is -120 - -30?
-40
In base 14, what is 3 + -4d6?
-4d3
In base 12, what is 3 + 139?
140
In base 12, what is -2a - 1?
-2b
In base 13, what is -12 - -38?
26
In base 16, what is 1 + 8d1?
8d2
In base 16, what is -3 + 22?
1f
In base 7, what is 0 + 1201?
1201
In base 12, what is -173 - 79?
-230
In base 16, what is 17 - -2?
19
In base 13, what is 2205 - -c?
2214
In base 15, what is -4 - -20?
1b
In base 6, what is 4 - 4300?
-4252
In base 13, what is -7 - -407?
400
In base 9, what is 16 - -8?
25
In base 5, what is -2402 + -130?
-3032
In base 6, what is 133123 + -1?
133122
In base 5, what is 1212 + 21?
1233
In base 5, what is -1022 + 2?
-1020
In base 13, what is aa + -6b?
3c
In base 11, what is 26 + 2?
28
In base 14, what is -2d + 2?
-2b
In base 10, what is -2 + 279?
277
In base 5, what is -2 - 440?
-442
In base 15, what is -2 - 4a?
-4c
In base 14, what is 1 + 189?
18a
In base 5, what is -111 - 2?
-113
In base 10, what is -3 + -64?
-67
In base 6, what is 3 + 1014?
1021
In base 16, what is 7cf + 1?
7d0
In base 3, what is 2 - -2222?
10001
In base 6, what is 3 + 204?
211
In base 14, what is -34 - -4?
-30
In base 10, what is 1 + 1952?
1953
In base 4, what is -10 + -103112?
-103122
In base 3, what is 2002100 - 101?
2001222
In base 9, what is -5 - -3488?
3483
In base 16, what is 19 - -67?
80
In base 13, what is 2 + 57?
59
In base 2, what is -1010 - -1001110101?
1001101011
In base 6, what is -1102 + 20?
-1042
In base 13, what is 5 - -18a?
192
In base 3, what is 111 - 22011?
-21200
In base 8, what is -12 + -475?
-507
In base 5, what is 211 + 2334?
3100
In base 13, what is -3 - 56?
-59
In base 7, what is -60 - 44?
-134
In base 7, what is 620 + 11?
631
In base 3, what is 120001212 + -12?
120001200
In base 4, what is -2 - 230101?
-230103
In base 12, what is -107 - 5?
-110
In base 2, what is -11 + 10101000110?
10101000011
In base 14, what is -a4 + -a?
-b0
In base 11, what is -5 - 1?
-6
In base 5, what is -33 - 3?
-41
In base 4, what is 203 - 2?
201
In base 13, what is -aab + 1?
-aaa
In base 13, what is 0 + 39c?
39c
In base 4, what is 33 - 20?
13
In base 3, what is 11 - -1212?
2000
In base 15, what is 5 + 92?
97
In base 13, what is b79 + -3?
b76
In base 4, what is -2 + 301020?
301012
In base 5, what is -2 - -1023?
1021
In base 3, what is 10 - 212?
-202
In base 4, what is -10013 - 31?
-10110
In base 6, what is -52 - 330?
-422
In base 10, what is -2 + -260?
-262
In base 10, what is 193 - 2?
191
In base 9, what is 3 - 28?
-25
In base 14, what is -55 + d?
-46
In base 12, what is -108 - 8?
-114
In base 5, what is 0 - 10121?
-10121
In base 2, what is 1 - 11110011110?
-11110011101
In base 6, what is -5 + -455?
-504
In base 6, what is -3 - 40542?
-40545
In base 10, what is 60 + -44?
16
In base 13, what is -9 + 1722?
1716
In base 5, what is 10 - -12?
22
In base 4, what is -3 - 31130?
-31133
In base 8, what is 224 - -3?
227
In base 6, what is 10 + -35?
-25
In base 2, what is 111 - 110111101?
-110110110
In base 15, what is 43 - -16?
59
In base 4, what is -1313222 + 11?
-1313211
In base 9, what is -4 - -5?
1
In base 12, what is -21 - -33?
12
In base 9, what is 4 + -44?
-40
In base 3, what is -120 + 22?
-21
In base 11, what is -41 + -6?
-47
In base 12, what is -12 - -127a?
1268
In base 16, what is -1df + 6?
-1d9
In base 11, what is 150 - -26?
176
In base 4, what is 12111 - 0?
12111
In base 6, what is 3305 - 2?
3303
In base 9, what is -3703 + -1?
-3704
In base 11, what is 0 - 9a?
-9a
In base 11, what is 0 + -4369?
-4369
In base 5, what is 140034 + -1?
140033
In base 9, what is 5 + 2777?
2783
In base 4, what is 0 + -10?
-10
In base 3, what is -20 - -100212?
100122
In base 12, what is 750 - -4?
754
In base 8, what is 553 + 2?
555
In base 16, what is 762 - -c?
76e
In base 4, what is 102 + -3?
33
In base 6, what is 145213 + 0?
145213
In base 9, what is 5 - 55?
-50
In base 2, what is 1100 - -11101?
101001
In base 4, what is -23 - 103?
-132
In base 10, what is 8 - -343?
351
In base 16, what is -3 + -4fc?
-4ff
In base 11, what is -5 + -23?
-28
In base 14, what is 1 + -369?
-368
In base 10, what is 11 + 13?
24
In base 15, what is 5 + 266?
26b
In base 7, what is 1253 - -10?
1263
In base 7, what is -34 - 120?
-154
In base 2, what is -10110100001 - 0?
-10110100001
In base 12, what is 4 + -11?
-9
In base 3, what is 112 - -12?
201
In base 10, what is -5 + -338?
-343
In base 12, what is -1 + 1306?
1305
In base 3, what is 221 - 12?
202
In base 6, what is -3 - 1?
-4
In base 11, what is -5 - -31a?
315
In base 10, what is -30 + 3?
-27
In base 3, what is 101 + -11102120?
-11102012
In base 12, what is -a - -23a?
230
In base 6, what is -103 - 10?
-113
In base 12, what is -22 - 3?
-25
In base 13, what is 5 + 30?
35
In base 3, what is -21001 + 1000?
-20001
In base 4, what is -3 + -1200?
-1203
In base 4, what is 201 - 121?
20
In base 3, what is -1122 + -2210?
-11102
In base 2, what is -1101110010 + 0?
-1101110010
In base 2, what is -10 + 0?
-10
In base 13, what is 4 - -460?
464
In base 7, what is -4 - -124?
120
In base 12, what is -41 - 64?
-a5
In base 9, what is -322 + 3?
-318
In base 13, what is -7 - -8b1?
8a7
In base 7, what is -1 + -1433?
-1434
In base 14, what is -14 + 16?
2
In base 11, what is 17 + -100?
-94
In base 6, what is 5 - -224?
233
In base 7, what is 664 - 1?
663
In base 5, what is 1 + -34113?
-34112
In base 15, what is 0 + 257?
257
In base 16, what is 0 - 9?
-9
In base 9, what is 74 + 28?
113
In base 12, what is -317 + 5?
-312
In base 5, what is -420 + 30?
-340
In base 12, what is -3 + 228?
225
In base 7, what is 1232 - -4?
1236
In base 11, what is -8a7 - 5?
-901
In base 16, what is 8a + 3?
8d
In base 7, what is 1 + -65?
-64
In base 8, what is 16576 + 4?
16602
In base 12, what is -7 - 2b?
-36
In base 15, what is 2ed - 8?
2e5
In base 16, what is -4 - 4d?
-51
In base 16, what is -56 + 1?
-55
In base 4, what is -23130 - 1?
-23131
In base 6, what is 131302 - -2?
131304
In base 4, what is -232 - -102?
-130
In base 14, what is -c5 + -5?
-ca
In base 6, what is -3 - 1?
-4
In base 4, what is 3112 + -3?
3103
In base 2, what is 101 - -11001111?
11010100
In base 14, what is 1b8 + -1?
1b7
In base 12, what is -a8 + -2?
-aa
In base 16, what is 9 - -109?
112
In base 8, what is 6 + 64?
72
In base 7, what is 211 - 31?
150
In base 12, what is -1b7 + -5?
-200
In base 10, what is -16 + -28?
-44
In base 8, what is -5676 - -5?
-5671
In base 13, what is 10 + -5c?
-4c
In base 10, what is 12 + -21?
-9
In base 10, what is 80 - -3?
83
In base 5, what is -103 - 1?
-104
In base 16, what is -643 + 2?
-641
In base 8, what is 5 - -2?
7
In base 6, what is -3 - 23045?
-23052
In base 8, what is -431 - 3?
-434
In base 12, what is -123 + -48?
-16b
In base 15, what is 32 + -1e?
13
In base 3, what is -1122102 - -2?
-1122100
In base 3, what is 202220 - 12?
202201
In base 11, what is -231 + -3?
-234
In base 5, what is -1 + 2004?
2003
In base 13, what is -7 - 13?
-1a
In base 9, what is -3 + -151?
-154
In base 12, what is 0 + 6a?
6a
In base 10, what is 4 + -2837?
-2833
In base 6, what is 13 - -1003?
1020
In base 7, what is -103 + 2?
-101
In base 8, what is -12 - -170?
156
In base 14, what is -1 - db0?
-db1
In base 13, what is -1 - -895?
894
In base 8, what is -102 - -2?
-100
In base 13, what is -11 - -460?
44c
In base 12, what is 5 - 159a?
-1595
In base 8, what is 0 - 510?
-510
In base 13, what is -5 - -159?
154
In base 11, what is -2 + 